, 19
Let z = -2 + 6. Let n = 2 + z. List the prime factors of n.
2, 3
Let i(n) = 6*n**2 + n**3 + 8 + n**2 + 2*n + 4*n. What are the prime factors of i(-6)?
2
Let r be (2/(-4))/(1/(-98)). Suppose 5*k + 38 + r = 2*x, -10 = -2*k. Suppose -4*c - 2*s + x = 2*s, 2*s + 70 = 5*c. What are the prime factors of c?
2, 7
Suppose -6*s + 8 = -4*s. Suppose s*g - 8 = 4*i, -4*i - 4 = -5*g - 2*i. Suppose -2*u + 3*m + 36 = 3*u, g = -3*m + 9. What are the prime factors of u?
3
Suppose -5*r + 2*d + 1660 = -0*r, r + 4*d - 310 = 0. List the prime factors of r.
2, 3, 5, 11
Let n(s) = -s**3 + 7*s**2 - 4*s + 1. Let d be n(6). Let r = -1 + d. List the prime factors of r.
2, 3
Let t be -2*1/7*-7. Suppose 4*s = t*s + 28. List the prime factors of s.
2, 7
Let c(q) = -q**3 + 7*q**2 + 3. Let y be c(7). Suppose 8*b = 5*b + y. What are the prime factors of (b - 6/(-3)) + 1?
2
Suppose 5*u + 31 = -4. Let h be (-2)/(3/(33/(-2))). Let y = h + u. List the prime factors of y.
2
Let p = -134 + 211. List the prime factors of p.
7, 11
Let b(o) = 16*o - 6. What are the prime factors of b(2)?
2, 13
Suppose 3*a + a = 16. Let g = 2 + a. List the prime factors of g.
2, 3
Let s(f) = -f**2 + 5*f. Let y be s(5). Suppose 5*w - 65 = -y*w. List the prime factors of w.
13
Let q(h) = 5*h - 14. What are the prime factors of q(20)?
2, 43
Suppose 4*j - 3*j - 2 = 0. Let s(h) = h**3 - h + 50. Let y be s(0). Suppose -j*r = 3*r - y. What are the prime factors of r?
2, 5
Let m = 8 + 0. Suppose 4*i + 7 = v, 4*i + m = -4*v - 24. Let h(n) = n**2 + 1. What are the prime factors of h(i)?
2, 5
What are the prime factors of 1 + 0 + (42 - (2 + -4))?
3, 5
Let u = 248 + -58. What are the prime factors of u?
2, 5, 19
Let t(m) be the second derivative of m**4/12 + m**3/2 - 5*m**2/2 - 5*m. Suppose s = -0 - 5. List the prime factors of t(s).
5
Let u be (9/2)/(4/8). Let i(d) = d**3 - 10*d**2 + 9*d + 5. Let g be i(u). Suppose -4 = 2*l, -2*c + g*l = 3*c - 35. List the prime factors of c.
5
Let s be (4 + -2)/(-1 + 3). Let k(v) = 9*v + 1. List the prime factors of k(s).
2, 5
Suppose y - 15 = -0*v + 2*v, 0 = y - v - 12. Let a be -2 + y/3 + -5. Let d = 0 - a. List the prime factors of d.
2
Let v(q) be the first derivative of -q**4/4 + 2*q**3 + 7*q**2/2 + 9*q + 1. List the prime factors of v(7).
3
Suppose 6*f - 55 = f - 5*k, -2*k = 3*f - 38. What are the prime factors of f?
2
Suppose 0 = 6*g + 5*g - 2354. List the prime factors of g.
2, 107
Let m(b) = -21*b - b**2 + 21*b + 14. List the prime factors of m(0).
2, 7
Suppose -5*o + 1 = -4. Let m(t) = -5*t - 3*t + 8*t + 7*t. What are the prime factors of m(o)?
7
What are the prime factors of (28/(-21))/((-4)/234)?
2, 3, 13
Let z(p) be the second derivative of p**4/12 - 3*p**3/2 - p**2 + 3*p. List the prime factors of z(10).
2
Let a be (3/4)/((-5)/(-20)). Suppose 4*v + q - 34 = 0, -4*v + a*q + 28 = q. What are the prime factors of v?
2
Let p(w) = 6*w - 6*w - 4 + 2*w**2. List the prime factors of p(-3).
2, 7
Let g = -129 + 9. Let z = -71 - g. Suppose -q = -5*f + 97, 0*q = -2*f - 3*q + z. What are the prime factors of f?
2, 5
Let s(o) = -o**2 - o + 162. List the prime factors of s(0).
2, 3
Let n(i) = i**3 + 10*i**2 - 13*i + 9. What are the prime factors of n(-10)?
139
Suppose -3*g - g - 30 = 5*c, -4*c = 3*g + 22. Let x(q) = q**3 + 9*q**2 - 21*q - 13. Let m be x(-11). List the prime factors of m/g*30/4.
2, 3
Let o(y) = 5*y + 3*y**2 - 2*y - 3*y**2 + y**2. What are the prime factors of o(-6)?
2, 3
Suppose -3*r - 42 = -2*b, 0 = -7*r + 4*r - 6. List the prime factors of b + (1 - 1 - 1).
17
Suppose 5*y - 67 - 13 = 0. Let c be 4/y - (-10)/(-8). List the prime factors of 2 + ((-1)/c)/1.
3
Let h(y) = y**3 - 5*y**2 + 4*y - 6. Suppose 3*d - 2*j = -7*j + 25, 4*d - j - 18 = 0. What are the prime factors of h(d)?
2, 7
Suppose -10 = -5*d + 2*c, 10 - 35 = -2*d + 5*c. Suppose 0 = -d*s - 5*s + 10. Suppose -13 = -s*n + n. What are the prime factors of n?
13
Suppose -5*r + 2*r + x = -72, -5*x = 0. Let c = 1 + 2. Suppose 0*u = c*u - r. List the prime factors of u.
2
Let l be 3/1 + 2 - 1. Suppose -8 + 3 = -l*n + y, 15 = 2*n - 3*y. Suppose 3*u - u - 16 = n. What are the prime factors of u?
2
Suppose 0 = 3*d + 2*f - 46, 5*d - d - 69 = 5*f. Suppose 2*r + 6 = d, i = r + 8. What are the prime factors of i?
13
Let n be ((-48)/(-9))/((-4)/(-66)). Suppose n = 3*r + r. List the prime factors of r.
2, 11
Suppose 6*c - 1 = r + 4*c, 1 = -r + 5*c. Suppose 1 - 3 = x. What are the prime factors of r + 8 + 1 + x?
2, 3
Suppose -q = q - 4*t - 82, -3*q + 2*t = -103. What are the prime factors of q?
31
Suppose o = -c + 110, 0 = o + 4*c - 71 - 36. List the prime factors of o.
3, 37
Let l(j) = -j**3 - 8*j**2 + 14*j + 8. Let s be l(-9). Let h = -21 - s. List the prime factors of h.
2
Suppose -20*h + 19*h + 45 = 0. Let a = 75 - h. List the prime factors of a.
2, 3, 5
Let b(q) = 2*q. Let p(n) = n**2 - 3*n + 3. Let a be p(3). What are the prime factors of b(a)?
2, 3
Let u(k) = 2*k - 10. Let f be u(6). What are the prime factors of 3*(-3 + f) + 18?
3, 5
Let g(r) = 0*r - r - 12*r. List the prime factors of g(-1).
13
Let k(h) be the second derivative of -h**5/20 + 5*h**4/12 + h**3/6 - 3*h**2 - 2*h. Let f be k(5). Let a(v) = -7*v + 1. List the prime factors of a(f).
2
What are the prime factors of 540/30 + 1 + 1?
2, 5
Let d(o) = 4*o + 69. List the prime factors of d(0).
3, 23
List the prime factors of ((-2)/3)/((-6)/675).
3, 5
Let y = 211 + -104. List the prime factors of y.
107
What are the prime factors of 1446/21 + 2/14?
3, 23
What are the prime factors of (1 - 1 - -2) + 36?
2, 19
List the prime factors of 9/(-3) - (-210)/5.
3, 13
Let b be (-6 - -1)/(0 - 1). Suppose g = -5*i + 25, -g - 2*g - b*i = -25. Suppose n - 2*z = -4*n + 41, g = n - z - 10. List the prime factors of n.
7
Suppose 6*x - 3*x = 0. Let p(s) = -4*s + x*s - 1 - 4*s. What are the prime factors of p(-1)?
7
Suppose -5*k - h + 95 + 46 = 0, -4 = h. List the prime factors of k.
29
Suppose 0 = 13*x - 2*x - 2398. What are the prime factors of x?
2, 109
Let b(z) = z**3 - 19*z**2 - 6*z - 15. List the prime factors of b(20).
5, 53
Let s = -6 - -11. Suppose 4*i = -s*l + 26, -5*i + 0*i - 4*l + 37 = 0. List the prime factors of i.
3
Let s = 73 + 16. List the prime factors of s.
89
List the prime factors of -46*(-2)/((-4)/(-2)).
2, 23
Let n(l) = 2*l**2 + 5*l - 3. Let w be n(-5). Let g be (w/3)/(2/6). Suppose -d = d - g. What are the prime factors of d?
11
Suppose 3 = -h + 20. Suppose -5*k + 0*t - 49 = -4*t, k = 3*t - 12. Let g = h + k. What are the prime factors of g?
2
Let g = -43 + 96. What are the prime factors of g?
53
Suppose -5*u + 4*i = -364, -2*u + 5*i = -u - 56. List the prime factors of u.
2, 19
Let f(y) = 7*y - 7. What are the prime factors of f(8)?
7
Suppose 3*p + 405 = 3*h, 659 = 5*h + 2*p - 3*p. List the prime factors of h.
131
Let u(c) = -27*c. Suppose -w = -4*w - 3. What are the prime factors of u(w)?
3
Let r(u) = u + 7. Let v be (3/6)/((-2)/20). Let d be r(v). List the prime factors of -1*1/d*-20.
2, 5
Let s(h) = -h**3 - 4*h**2 - 3*h - 4. Let l be s(-3). What are the prime factors of l/(-3)*3/2?
2
Let z = -58 + 110. List the prime factors of z.
2, 13
Let r = 38 + -33. Let q(b) be the first derivative of -b**2/2 + 7*b - 1. What are the prime factors of q(r)?
2
Let t be 4 + -2 + (1 - 10). Let w = -4 - t. Suppose 4*r = w*z + 48, -r - 4*r + 41 = z. What are the prime factors of r?
3
Let m be (-9)/6 - 9/(-2). Suppose 4*d - 79 = 4*k - 3, -5*k + 57 = m*d. List the prime factors of d.
19
Suppose 0 = z + 2*z - 51. Suppose -5 = -3*l - 4*y, 0*y - z = -5*l + 2*y. Suppose -3*w + 29 = -0*w + m, l*w - 2*m = 14. What are the prime factors of w?
2
Let r(z) = z**3 + 12*z**2 - 6*z - 17. What are the prime factors of r(-12)?
5, 11
Let b be 1/(-2) + 30/(-4). Let v = 47 + b. What are the prime factors of v?
3, 13
Suppose 5*m - 4*t = -1 - 61, -5*t = -2*m - 35. Let g be 2/2*(1 + m). Let r = g - -17. List the prime factors of r.
2
Let o be 34/2 + (0 - -2). Let i = -36 + o. Let x = i + 28. What are the prime factors of x?
11
Let z be (6 + (-1)/(-1))/1. Let v = z + 5. List the prime factors of v.
2, 3
Let c(l) = -l**3 - 8*l**2 - 8*l - 4. Let v be c(-7). Let w be v - (1 - 0)*-4. Let t = 1 + w. What are the prime factors of t?
2
Suppose 0*l - 2*l + p - 2 = 0, -l = p - 2. Suppose l = -z - z